. Suppose -226 = v*z - u. Is z a prime number?
True
Suppose -931 = c - 2*i, 5*c - 3*i + 4256 = -413. Let d = -1833 - c. Let s = d + 4409. Is s a prime number?
True
Suppose 23*a - 16*a = -63. Is (-2)/(-6)*(44616/4 + a) a composite number?
True
Let i(h) = -h**2 - 14*h - 12. Let w be i(-13). Suppose f - w + 9 = 0. Let z(j) = -20*j + 3. Is z(f) composite?
False
Let r(a) = -983*a**3 + 2*a**2 + 4*a - 4. Let l be r(-3). Suppose 26*p - l = 7*p. Is p composite?
True
Suppose -4*j = -2*j - 6. Suppose -3 = u, 0 = 3*y + 2*u + j*u + 24. Is (-10296)/(-7) + y/(-21) a composite number?
False
Let t(h) = 30*h**3 - 4*h**2 + 7. Let s be t(3). Suppose 5*l - s - 599 = 0. Suppose -l - 279 = -5*m. Is m a composite number?
True
Let b = 2362 + -820. Let o = b + -845. Is o a composite number?
True
Let q = 949874 + -557553. Is q composite?
False
Let l(g) = 1326*g + 2. Let q(u) = 9*u + 15. Let n be q(-2). Let f be l(n). Let y = 5663 + f. Is y a composite number?
True
Suppose 3*j - 5*h - 5432 = 0, -3*j = h + 2*h - 5424. Suppose -c + j + 586 = 0. Is c a prime number?
False
Suppose 100*n - 103*n - 30 = 0. Is (8/32)/(n/(-8))*5195 prime?
True
Let z = -8720 - -19011. Suppose 32138 + z = 3*c. Is c a composite number?
False
Suppose -1 + 29 = -2*c. Let j = -8 - c. Suppose s - 28 = -j*s. Is s a composite number?
True
Suppose -2*c + 126064 = 2*y, -3*y + 15527 = -5*c + 330663. Is c composite?
False
Let n be (-22748)/(-7) + -7 - (-4)/14. Suppose 2*g + 4*z - 1007 - n = 0, 2*g + 3*z - 4252 = 0. Is g a composite number?
False
Let d be (1 - 1/1)/3. Suppose y - 3*a + d = 1, 2*y - 2*a - 2 = 0. Is y/(-4) + (-167555)/(-92) prime?
False
Let s be (11 - 17)/((-4)/6). Let y(g) = g**2 - 8*g - 5. Let b be y(s). Suppose 2586 = 2*l + 5*c, b*c = l - 1420 + 127. Is l a composite number?
True
Suppose 4*b + 2*p = 82600, -352*p = -5*b - 357*p + 103255. Is b a prime number?
False
Let i = 5 + 10. Suppose i*p = 2*p + 65. Suppose 0 = 11*d - 12*d + p, -298 = -c - d. Is c a composite number?
False
Suppose 0 = 4*h - 5*g + 72, g - 67 = 5*h + 23. Let v(s) = 28*s**2 - 14*s + 185. Is v(h) a composite number?
True
Suppose 2*z + 4*d - 2570 = 0, 3*d - d = -8. Is -2 + 15/5 + z composite?
True
Let a(j) = 8*j**3 - 48*j**2 - 37*j - 19. Is a(12) a composite number?
False
Let o(h) = 2*h**2 - 24*h + 20. Let w be o(-39). Let a = w - 2359. Is a prime?
False
Let a be (-3)/(3/(-2))*5/2. Suppose a*g = 5*o + 20, g - 3*g = -o - 4. Suppose g = 3*f - 12430 - 1973. Is f composite?
False
Suppose 8*j + 1 = 1. Let z(r) = r**3 + r**2 - r + 2483. Is z(j) a prime number?
False
Let p = 1781470 + -672009. Is p a prime number?
False
Let y(f) = 339*f**3 + 1. Let r be (-2)/(-4)*2 - 0/2. Let o be y(r). Suppose -68 = 8*h - o. Is h composite?
True
Let y(l) = -630*l - 13103. Is y(-53) prime?
True
Suppose p - 112 = -2*c + 3*p, 2*p - 273 = -5*c. Suppose 0 = 4*a - 5*r + 63, -2*a + 5*r - 13 = 6. Is c/a*2942/(-5) a prime number?
True
Let k(f) = -22*f**2 + 39*f - 25. Let z be k(32). Let u = z + 29914. Is u a prime number?
True
Let x = 221536 - 139431. Is x composite?
True
Let g(n) = -3598*n**3 - 14*n**2 + 13*n + 43. Is g(-6) prime?
False
Suppose 2*y + 9 = -4*r + 109, 102 = 4*r + 3*y. Is 3/(r/(-40))*-1373 a composite number?
True
Let v(d) = 2*d + 68. Let s be v(-32). Suppose -5*b + 32615 = s*g, 3*b - 7*b = -2*g - 26118. Is b prime?
False
Suppose l = -4*n - 1046, -22*l + 5*n + 2095 = -24*l. Let d = -559 - l. Is d a composite number?
False
Suppose 0 = -5*r + 3*h + 155531, -r + 42*h + 31111 = 39*h. Is r composite?
True
Let s be (-6)/4 - (-11544)/16. Suppose -9833 = -5*r - j - s, 0 = 2*r - 2*j - 3650. Is r a composite number?
False
Let o(t) = 374439*t + 440. Is o(1) a prime number?
True
Suppose -46*c = -44*c - 7680. Let f = -1762 + c. Is f composite?
True
Let s(t) = 2*t + 101 - 2*t - 42 - 32 + 2*t. Let j(f) = -4*f - 2. Let x be j(-4). Is s(x) prime?
False
Let i(g) = -21077*g + 999. Is i(-8) composite?
True
Suppose -92*l + 1586442 = 27*l + 120481. Is l composite?
True
Let x = -124474 - -174491. Is x prime?
False
Let z = 5575 + -3816. Let a = 2743 + z. Is a prime?
False
Suppose 7*p + 11886 = 11*p - 3*c, 3*c + 14856 = 5*p. Is 5 - (p - -4)*-2 composite?
False
Suppose 4*r = -2*n + 89354, n - 1088 = 4*r + 43607. Is n composite?
False
Suppose 0 = -4*q - 12, q = 37*p - 38*p + 246526. Is p composite?
True
Let f be (5 + 85/(-25))*(-10)/(-4). Suppose r = -f*p + 30289, 15127 = 2*p - 9*r + 6*r. Is p a prime number?
False
Let s = 3266 - -3639. Suppose -496*o = -495*o - s. Is o composite?
True
Let s(x) be the third derivative of 2879*x**6/40 - x**4/8 + x**3/2 + 7*x**2. Is s(1) a composite number?
True
Let r = 554 + -602. Is ((-24)/r)/(1/134) composite?
False
Let m(f) = -f**3 + 39*f**2 - 75*f + 41. Let j be m(37). Suppose 14*b = -4*r + 9*b + 26848, -2*r + j*b + 13450 = 0. Is r a prime number?
False
Suppose -441010 = -2*x + 10*r - 6*r, 3*r - 220535 = -x. Is x a composite number?
True
Let s(v) = -355*v - 56. Let a be (30/(5 - 3))/(-1). Is s(a) a prime number?
False
Let i(c) = 67*c**2 + 1. Let k = -9 + 0. Let y be i(k). Is (-5)/(10/y)*(-2)/4 prime?
False
Let j(q) = 144*q**2 - q - 4. Let z be j(-4). Suppose 0*u = 6*u + z. Let v = -199 - u. Is v a composite number?
True
Suppose 21*z - 433326 = -2*i + 25*z, -3*i + 650024 = z. Is i a composite number?
True
Suppose 4*v = 4*y + 21080, -3*y - 7198 = -2*v + 3342. Let b = v + -3616. Let k = b + -733. Is k prime?
False
Let a(y) be the second derivative of -47*y**3/3 + 15*y**2/2 + 154*y. Let n be ((-10)/6)/((-6)/(-18)). Is a(n) prime?
False
Suppose 0 = -25*v + 1988782 - 220157. Is v a prime number?
False
Let z(k) = 30*k + 15*k**2 + 9 - 71*k**3 + 32*k - 61*k. Is z(-4) a prime number?
True
Let w be 2/4*4*26380. Suppose u + 7*u = w. Suppose u = -2*p + 7*p. Is p a composite number?
False
Suppose -11*t - 72 = -3*t. Let s(n) = -239*n + 8. Is s(t) a prime number?
False
Let n(s) = 33*s + 1. Let z be n(1). Let a be ((-8211)/z)/(3/(-4)). Let t = a + 585. Is t a composite number?
False
Let n = -12 + 16. Suppose -774 = -2*x - n*a, 11*x - 8*x - a = 1133. Is x composite?
False
Suppose -17 = f - 0*v + 3*v, f = 3*v - 23. Let z = -16 - f. Suppose 0 = m - 2, z*w + 2*m - 3032 = 2356. Is w a prime number?
False
Let p be (-4)/(21/12 + -2). Suppose -3*d = d - p. Suppose 3*s + 5*r - 563 = 0, -d*s - 2*r + 772 = -6*r. Is s a prime number?
True
Suppose -756 = -3*o + 3798. Let c = -323 + o. Is c a prime number?
False
Suppose 14*i - 4482988 = -818222. Is i a composite number?
True
Suppose -7106 - 62318 = -16*z. Is z composite?
False
Is 6/108*-11409*-18 a prime number?
False
Let j be 6/42 - (-189)/49. Suppose -13469 = -j*p - 5*x, 0 = -p - 3*x - 0*x + 3362. Is p prime?
True
Suppose -70432 = -4*v + 5*n - 6*n, -2*v + 4*n = -35216. Suppose -3*q = 5*a - 18170, 4*a - v = 5*q - 3109. Is a a composite number?
False
Suppose -2*q = -15*g + 13*g - 709910, -g - 4969344 = -14*q. Is q prime?
True
Let q be ((-447272)/(-77))/4 - 2/11. Let n = q + -643. Is n prime?
True
Let r = 210219 - 131132. Is r a composite number?
False
Let u(j) = 18338*j - 3855. Is u(61) composite?
True
Let b be (-649)/(-44) - (-3)/12. Is 9/b + 111126/15 a composite number?
True
Let y(x) = -16141*x + 6318. Is y(-53) composite?
True
Let d(c) = 111*c**2 + 14. Let g = -280 - -271. Is d(g) prime?
False
Suppose -2*s - 3*o = 41, 5*o + 57 = -3*s - 6. Let r(t) = -556*t - 77. Is r(s) a composite number?
False
Suppose 0 = 4*u - 3306 - 5562. Let z = u + 15238. Is z a prime number?
False
Let c(o) = 891*o**2 + 77*o - 5. Is c(9) a prime number?
True
Let h(c) = 2147*c + 7739. Is h(12) prime?
True
Is -864228*(-295)/354*(-1)/(-5) composite?
True
Suppose -2*b + 6*b = 4. Suppose -5*g - 7 = -4*x - 23, x = b. Suppose 3*p = -g*n + 895, 4*n = 5*p + 337 + 550. Is n composite?
False
Suppose 0 = -4*j - 4*y - 292, -358 = 11*j - 6*j - 2*y. Is (-4)/(-18) + (-155216)/j - 3 prime?
True
Let z be 41/((1/12)/(149/3)). Suppose 4*v = z + 20416. Is v a prime number?
True
Is 371517/12 + (18/32)/((-3)/4) composite?
True
Suppose 25*d + 276 = 48*d. Suppose -3600 = d*u - 15108. Is u prime?
False
Let n = 455885 + -277132. Is n a composite number?
False
Let c(v) = 72 - 31 - 32 - 215*v. Let n be c(-3). Suppose 2*r = d + n, -r + 36 + 273 = -5*d. Is r prime?
False
Suppose -7178 = 33*g - 34*g - 4*n, -3*g + 21548 = 5*n. Is g prime?
False
Let o = 327678 - 22